t x(y) = 29*y - 160. Let f be x(6). Suppose -126 = -f*p + 210. Let w = 323 - 59. Calculate the highest common divisor of w and p.
24
Suppose -3*p = -8*p + 420. Let y be (-2)/(-8) - (-483)/p. What is the highest common divisor of y and 48?
6
Let p = 121 + -121. Suppose 8*n + 0*n - 176 = p. Calculate the highest common factor of n and 55.
11
Let h(x) = 2*x**3 + 3*x + 174 - 170 + 0*x - 6*x**2. Let y be h(4). What is the highest common divisor of 6 and y?
6
Suppose -5*o = -487 - 388. Suppose -7*s + 10*s - 721 = -b, 2*s - b = 474. Let k = -214 + s. What is the greatest common factor of o and k?
25
Suppose -16*o - 18*o + 736 = -18*o. Calculate the highest common divisor of o and 5566.
46
Let o(r) = 13*r**2 + 189*r - 190. Let y be o(1). Calculate the greatest common factor of y and 202.
2
Let o be (50/15*7)/(3/63). Suppose -o = -9*k + 176. Calculate the greatest common factor of 6 and k.
2
Suppose 3*h = -3*h + 36. Suppose 10*w = h*w + 172. What is the greatest common factor of 172 and w?
43
Let s(l) = -l + 1. Let q be s(-2). Let z be (-1)/q - 1862/(-42). What is the greatest common factor of 187 and z?
11
Suppose -10 - 4 = -u. Let i be ((-1702)/(-69) + (-2)/12)*2. Calculate the highest common divisor of u and i.
7
Suppose -204 = -5*b - 5*r + 366, 2*b = r + 216. Let h = -103 + b. Calculate the highest common factor of 42 and h.
7
Suppose -167*n = -162*n + 4*q - 3776, n - 4*q - 760 = 0. Calculate the greatest common divisor of 105 and n.
21
Let o be (96/(-104))/((-192)/4160). Suppose 2*v - f - 300 = -3, 5*v - 744 = 2*f. Calculate the greatest common factor of v and o.
10
Suppose -60*x - 509 - 541 = -66*x. What is the highest common factor of x and 15?
5
Let u be (-544)/10 + 20/50. Let h = -50 - u. Let t be 164/h - (0 - (-1 + -1)). Calculate the highest common divisor of t and 26.
13
Let f be ((-170)/(-3))/(725/12180). Calculate the highest common divisor of 196 and f.
28
Let r be 4/6 + (-43)/(-3). Let v(o) = 51*o + 399. Let d be v(-4). What is the greatest common divisor of r and d?
15
Let d(s) = 9*s - 2. Let y be d(2). Let l be (221 + (-26)/(-26))/((-12)/(-16)). What is the greatest common factor of y and l?
8
Let x(u) = 2*u - 9. Let c be x(7). Suppose -99 = -c*a + 81. Let z = 54 - a. Calculate the highest common factor of z and 2.
2
Let f(y) = y**2 - 22*y - 1. Let n be f(22). Let t(m) = m**2 - 4*m - 2. Let p be t(n). Suppose 2*r + 22 = p*r. Calculate the highest common divisor of 242 and r.
22
Suppose 196*n = 199*n - 12. What is the greatest common factor of n and 62?
2
Let n(s) = -12*s - 65. Suppose 0 = 4*o + 5*c + 56, 5*c = -o + 6*c - 5. Let a be n(o). Calculate the greatest common factor of a and 1.
1
Let c be 36/(3/2 + -1). Suppose -24 = 4*a + 15*i, 23*a - 20*a - 64 = -i. Calculate the greatest common factor of c and a.
24
Suppose -10*w = -13*w - 126. Let q be (16/(-6))/(w/2142). What is the highest common divisor of 17 and q?
17
Let c = -311 - -554. Let i = 59 + -58. Let b be ((-15)/20)/(i*(-3)/108). Calculate the highest common factor of c and b.
27
Let y be (10/(-3))/(((-16640)/156)/160). Suppose 740 = 6*b - 2*b. What is the highest common divisor of y and b?
5
Let z = 1926 + -1782. Calculate the highest common factor of 162 and z.
18
Suppose -p - v + 100 = 0, 9*p - 4*p - 2*v - 500 = 0. Let i be (30/(-4))/((-111)/1850). What is the greatest common factor of p and i?
25
Let y be (-24)/108 - 2924/(-36). Let w(o) = 10*o + 106. Let r be w(-10). Calculate the highest common divisor of r and y.
3
Suppose 6061 = -2165*g + 16886. Suppose -5*c = 3*s - 309, -4*c + 2*s = 4*s - 248. Suppose -5*p + 163 = c. What is the highest common divisor of p and g?
5
Let i(c) = c**2 + 5*c - 4. Let r be i(-7). Let s = 333 - 253. What is the highest common divisor of s and r?
10
Let n(z) = -z**3 - 16*z**2 - 16*z + 5. Let s be n(-15). Suppose 0 = -2*q - 16. Let l = q + s. What is the greatest common divisor of l and 24?
12
Let f be (54/3)/(5 + (-438)/90). Suppose f*v = 128*v + 7. Suppose 0 = -3*l + 9. Calculate the greatest common factor of v and l.
1
Suppose 0*q + 1482 = 13*q. Let y(d) = d**3 + 9*d**2 - 10*d + 9. Let w be y(-10). Suppose 0 = w*n - 48 - q. What is the greatest common factor of n and 162?
18
Let i = -352 - -354. Suppose 3*n - 15 = -3*v + 21, 2*n - 34 = -3*v. Let b = v + -4. What is the greatest common divisor of b and i?
2
Let n = 5221 + -5169. Let d = 747 - 279. What is the highest common factor of d and n?
52
Let r be -1*5 - (56 + -50)*(-6260)/6. Calculate the highest common divisor of r and 45.
45
Let t = 71 + -17. Let j(y) = 4071*y - 24048. Let g be j(6). Calculate the highest common factor of t and g.
54
Let y = 3311 - 2789. What is the greatest common divisor of 2726 and y?
58
Let g = -5827 + 5899. What is the highest common factor of g and 54?
18
Let i(y) = -y**3 + 8*y**2 - 26*y + 110. Let q = -632 + 638. Let p be i(q). What is the highest common divisor of 13 and p?
13
Let i = -25809 + 25819. Let b(a) = a**2 - 8*a + 8. Let l be b(8). What is the greatest common divisor of i and l?
2
Suppose -14*k = -20*k + 240. Suppose -3*c + 532 = a, 2*a - 1026 = -5*c + 34. Calculate the greatest common divisor of a and k.
40
Let d = -1902 + 3961. Calculate the greatest common factor of d and 58.
29
Suppose 4*v - 5*m - 1400 = -4*m, 5*v - 1735 = 5*m. Let y = -7864 - -7877. Calculate the highest common divisor of v and y.
13
Let n be 6/(-10) + 41292/370. Let r = n - 67. What is the highest common divisor of 198 and r?
22
Let z(q) = 28*q - 183. Let f be z(-4). Let u = 160 - f. What is the highest common divisor of u and 13?
13
Suppose -2*o + 16 = 2*o + 4*u, -u + 7 = 2*o. Suppose v = 2*i - 328, -o*v + 158 = 2*i - 186. Calculate the greatest common factor of i and 249.
83
Let n(s) = -2*s**2 + 2*s + 27. Let g be n(4). Suppose -g*x = -5*v - 56, -x + 0*x + 5*v + 32 = 0. What is the highest common divisor of 3 and x?
3
Let a be 6/(-14) - (575/(-345) + 478/(-21)). What is the greatest common factor of a and 2544?
24
Suppose -2*k + 686 = 5*w, -2*w - 4*k = -8*k - 284. Calculate the greatest common divisor of w and 897.
69
Let k = 1197 + -1187. Suppose -2*p - 3*j - 12 = -p, p + 2*j = -8. Let v be p - (5/2)/((-6)/192). What is the greatest common divisor of v and k?
10
Suppose 0 = 7*n - 2*n - 810. Suppose -3*q - 4769 = -3*d - 839, 4*q = 20. Suppose d*m = 1303*m + 216. Calculate the highest common factor of m and n.
18
Let g be (-86 - 0)*(-10)/20. Suppose -37*f + g*f = 1482. What is the highest common factor of 13 and f?
13
Let t(a) = a**3 - 17*a**2 + 3*a - 25. Let z be t(18). Let n = z + -225. What is the highest common divisor of n and 24?
8
Let h = 59 + -46. Suppose 29*j = 28*j + 91. Suppose -3*t + 2*t = -j. What is the greatest common factor of t and h?
13
Suppose 5261 = 14*n - 661. Calculate the greatest common divisor of n and 27.
9
Let d be ((-17)/(-1))/(5 + -5 + 1). Let w = d + -23. Let o = 71 - w. Calculate the highest common divisor of 7 and o.
7
Let t(d) = -70*d - 9. Let q be t(-2). Let x = q + -127. Suppose 3*b = -4*s + 57 + 22, -x*s + 2*b = -54. What is the highest common divisor of 2 and s?
2
Suppose 1250*l + 408 = 1258*l. Let x be ((-29)/(-3))/((-2)/(-6)). Suppose -x = -2*g + b, -3*b + b + 61 = 3*g. What is the highest common divisor of g and l?
17
Suppose -5*q = -4*o + 4645, -8*q + 3549 = 3*o + 77. Calculate the highest common factor of o and 696.
232
Suppose 3*g = 4*b - 435, -2*b + b + 105 = 3*g. Let j = -99 + b. Let x be 2/4 + (-34)/(-4). Calculate the highest common factor of x and j.
9
Suppose 8*x + 1260 = -1620. Let b = 369 + x. Suppose 0*k - k + 63 = 0. What is the highest common divisor of k and b?
9
Suppose 25*l + 29822 - 51649 = 165048. What is the highest common divisor of 13 and l?
13
Let q(j) = -2*j + 65 + 29 + 19. Let o be q(-8). Suppose -422 = -5*s - 4*w, -5*s - 5*w = -2*s - 248. What is the greatest common factor of o and s?
43
Let k be (-3 + (-91)/(-35))/((-2)/50). Let m be k/(-85) - 20763/(-51). Calculate the greatest common factor of 44 and m.
11
Let g(x) = -x + 7. Let j be g(-3). Let r be ((-4)/(-10)*j - 4) + 117. What is the highest common factor of r and 13?
13
Suppose 0*k - 10*k = -460. Suppose -4*f + 189 = -5*b, -2*f + 3*f + 2*b - 44 = 0. Calculate the greatest common factor of f and k.
46
Let v(q) = -1. Let t(h) = -h**2 + 5*h + 16. L